{"id":91,"date":"2017-08-13T10:19:11","date_gmt":"2017-08-13T08:19:11","guid":{"rendered":"http:\/\/www.energiegruppe-hafnerbach.at\/move\/?page_id=91"},"modified":"2026-03-29T22:09:29","modified_gmt":"2026-03-29T20:09:29","slug":"wie-funktionierts","status":"publish","type":"page","link":"https:\/\/www.energiegruppe-hafnerbach.at\/move\/wie-funktionierts\/","title":{"rendered":"HUBSI &#8211; so funktioniert&#8217;s"},"content":{"rendered":"<p><a href=\"https:\/\/www.energiegruppe-hafnerbach.at\/move\/wie-funktionierts\"><img loading=\"lazy\" decoding=\"async\" class=\"wp-image-173 size-full aligncenter\" src=\"https:\/\/www.energiegruppe-hafnerbach.at\/move\/wp-content\/uploads\/sites\/2\/2018\/01\/Logo_Hubsi_250.jpg\" alt=\"\" width=\"250\" height=\"100\" \/><\/a><\/p>\n<ol>\n<li><strong>Mitglied werden<\/strong><\/li>\n<\/ol>\n<p>HUBSI steht allen Mitgliedern des<strong> Mobilit\u00e4tsvereins Hafnerbach<\/strong> zur Verf\u00fcgung.<br \/>\n<a href=\"https:\/\/www.energiegruppe-hafnerbach.at\/move\/anmeldung\/\"><strong> &gt;&gt; Hier geht&#8217;s zur Anmeldung<\/strong><\/a><br \/>\nDie Abrechnung des Mitgliedsbeitrags erfolgt durch \u00dcberweisung an den Mobilit\u00e4tsverein Hafnerbach (IBAN AT35 3258 5000 0381 1635).<\/p>\n<ol start=\"2\">\n<li><strong> Reservieren<\/strong><\/li>\n<\/ol>\n<p>Eine Fahrt wird entweder<br \/>\n<strong>online \u00fcber das HUBSI Buchungsportal<\/strong> <a href=\"https:\/\/hubsi.emilio.at\">https:\/\/hubsi.emilio.at<\/a><br \/>\noder <strong style=\"font-size: revert;\">telefonisch beim HUBSI-Handy 0677 \/ 625 626 05<\/strong><span style=\"font-size: revert;\"> reserviert.<\/span><\/p>\n<ol start=\"3\">\n<li><strong> Fahren<\/strong><\/li>\n<\/ol>\n<p>Der\/die FahrerIn holt Sie ab und bringt Sie an das Ziel.<br \/>\nF\u00fcr die ersten 100 Fahrten pro Jahr fallen <strong>keine Kosten<\/strong> an.<\/p>\n<h2><strong>HUBSI Infos<\/strong><\/h2>\n<p>Ein Elektroauto ist mit freiwilligen Fahrerinnen und Fahrern unterwegs. Die Mitglieder rufen rechtzeitig vorher an, reservieren die gew\u00fcnschte Fahrt und werden dann abgeholt.<\/p>\n<p><strong>Fahrziele<\/strong><br \/>\n<strong>Gesamtes Gemeindegebiet Hafnerbach und ausgew\u00e4hlte<\/strong><br \/>\n<strong>Ziele in den Nachbargemeinden:<\/strong><\/p>\n<p>Bahnhof, Apotheke, Zahn\u00e4rztin Dr. Schmid, SPAR Poslovski, Billa, Penny, Elektro Brosenbauer, Blumen Maria und Lagerhaus in <strong>Prinzersdorf<\/strong>;<br \/>\nMusikschulen in <strong>Haunoldstein, Prinzersdorf <\/strong>und<strong> Markersdorf<\/strong>;<br \/>\nFu\u00dfballplatz <strong>Haunoldstein<\/strong>;<br \/>\nLand lebt auf inkl. Post-Partner in <strong>Gro\u00df Sierning<\/strong>;<br \/>\nPost-Partner in <strong>Markersdorf;<\/strong><br \/>\n<strong>Vertretungs\u00e4rzte<\/strong> von Frau Dr. Dubsky;<br \/>\nPhysiotherapie <strong>Gerersdorf<\/strong> und <strong>Neidling<\/strong>;<br \/>\nBushaltestelle <strong>Watzelsdorf<\/strong><\/p>\n<p><strong>Fahrzeiten<\/strong><br \/>\nMontag bis Samstag, 8:00 &#8211; 21:00 Uhr, Sonn- und Feiertag von 8:00 &#8211; 12:00 Uhr<\/p>\n<p><strong>Nutzungsbedingungen<\/strong><\/p>\n<p><span style=\"color: #00000a;\"><span style=\"font-family: Arial,serif;\"><span style=\"font-size: medium;\">Fahrten im HUBSI k\u00f6nnen zu den angegebenen Zeiten reserviert und gratis durchgef\u00fchrt werden. Es besteht jedoch kein Rechtsanspruch auf die Durchf\u00fchrung der Fahrt, insbesondere, wenn eine Fahrerschicht nicht besetzt werden konnte, es zu einem Gebrechen am Fahrzeug kommt oder dieses gerade geladen werden muss. Zudem kann eine Fahrt nur reserviert werden, wenn der gew\u00fcnschte Zeitraum noch nicht reserviert ist.<br \/>\nFahrziele sind ausschlie\u00dflich die oben angef\u00fchrten, hier k\u00f6nnen leider keine Ausnahmen gemacht werden.<br \/>\nDie Mitnahme von Kindern bis 6 Jahre ist nur mit einer Begleitperson m\u00f6glich, Haustiere k\u00f6nnen nur in geeigneten Beh\u00e4ltnissen transportiert werden. Rauchen, Essen und Trinken sind im Fahrzeug nicht gestattet. Den Anweisungen des Fahrers \/ der Fahrerin ist Folge zu leisten. F\u00fcr die FahrerInnen gilt ein Alkohollimit von 0,0 Promille, der Besitz eines g\u00fcltigen F\u00fchrerscheins ist Voraussetzung. Bei Verst\u00f6\u00dfen gegen die Nutzungsbedingungen kann der Mobilit\u00e4tsverein die Mitgliedschaft k\u00fcndigen. Die Mitgliedschaft endet plangem\u00e4\u00df mit Ende August und kann durch Einzahlung des neuen Jahresbeitrags verl\u00e4ngert werden.<\/span><\/span><\/span><\/p>\n<h2>HUBSI-FahrerIn werden!<\/h2>\n<p><strong>Neue FahrerInnen sind jederzeit willkommen!<\/strong><\/p>\n<p>Wenn Sie Teil dieses erfolgreichen Projektes werden wollen, kontaktieren Sie uns bitte unter <strong><a href=\"javascript:secureDecryptAndNavigate('ImnZjqoXUYqIp852jchqjq9npFbObp5yjvIoSCVXASsQhA4IKIVPLJ2yNX9xm+MCp+EjnyvSzn9CEy9CQCgSSrR1ec7xjgZ0\/Gl4iWKapaKRvA==', '9a133fb526502c9b73fa3995d5158f777b9d4417efaf9c17a4428b3e7ba40283')\">&#107;&#111;&#110;&#116;&#97;kt&#64;hu&#98;&#115;i-&#104;&#97;fne&#114;&#98;&#97;&#99;h.at<\/a><\/strong><br \/>\noder melden Sie sich gleich als FahrerIn an! <a href=\"https:\/\/www.energiegruppe-hafnerbach.at\/move\/anmeldung\/\"><strong>&gt;&gt; Hier geht&#8217;s zur Anmeldung<br \/>\n<\/strong><\/a><\/p>\n","protected":false},"excerpt":{"rendered":"<p>Mitglied werden HUBSI steht allen Mitgliedern des Mobilit\u00e4tsvereins Hafnerbach zur Verf\u00fcgung. &gt;&gt; Hier geht&#8217;s zur Anmeldung Die Abrechnung des Mitgliedsbeitrags erfolgt durch \u00dcberweisung an den Mobilit\u00e4tsverein Hafnerbach (IBAN AT35 3258 5000 0381 1635). Reservieren Eine Fahrt wird entweder online \u00fcber das HUBSI Buchungsportal https:\/\/hubsi.emilio.at oder telefonisch beim HUBSI-Handy 0677 \/ 625 626 05 reserviert. Fahren &hellip; <a href=\"https:\/\/www.energiegruppe-hafnerbach.at\/move\/wie-funktionierts\/\" class=\"more-link\"><span class=\"screen-reader-text\">HUBSI &#8211; so funktioniert&#8217;s<\/span> weiterlesen<\/a><\/p>\n","protected":false},"author":2,"featured_media":0,"parent":0,"menu_order":0,"comment_status":"closed","ping_status":"closed","template":"","meta":{"footnotes":""},"class_list":["post-91","page","type-page","status-publish","hentry"],"_links":{"self":[{"href":"https:\/\/www.energiegruppe-hafnerbach.at\/move\/wp-json\/wp\/v2\/pages\/91","targetHints":{"allow":["GET"]}}],"collection":[{"href":"https:\/\/www.energiegruppe-hafnerbach.at\/move\/wp-json\/wp\/v2\/pages"}],"about":[{"href":"https:\/\/www.energiegruppe-hafnerbach.at\/move\/wp-json\/wp\/v2\/types\/page"}],"author":[{"embeddable":true,"href":"https:\/\/www.energiegruppe-hafnerbach.at\/move\/wp-json\/wp\/v2\/users\/2"}],"replies":[{"embeddable":true,"href":"https:\/\/www.energiegruppe-hafnerbach.at\/move\/wp-json\/wp\/v2\/comments?post=91"}],"version-history":[{"count":30,"href":"https:\/\/www.energiegruppe-hafnerbach.at\/move\/wp-json\/wp\/v2\/pages\/91\/revisions"}],"predecessor-version":[{"id":439,"href":"https:\/\/www.energiegruppe-hafnerbach.at\/move\/wp-json\/wp\/v2\/pages\/91\/revisions\/439"}],"wp:attachment":[{"href":"https:\/\/www.energiegruppe-hafnerbach.at\/move\/wp-json\/wp\/v2\/media?parent=91"}],"curies":[{"name":"wp","href":"https:\/\/api.w.org\/{rel}","templated":true}]}}