{"id":49,"date":"2016-04-05T16:11:06","date_gmt":"2016-04-05T14:11:06","guid":{"rendered":"http:\/\/www.energiegruppe-hafnerbach.at\/move\/?page_id=49"},"modified":"2026-03-29T21:50:50","modified_gmt":"2026-03-29T19:50:50","slug":"partner","status":"publish","type":"page","link":"https:\/\/www.energiegruppe-hafnerbach.at\/move\/partner\/","title":{"rendered":"Unterst\u00fctzer &#038; Sponsoren"},"content":{"rendered":"<p>HUBSI finanziert sich aus den Mitgliedsbeitr\u00e4gen der NutzerInnen.<\/p>\n<p>Ebenso unterst\u00fctzt uns die <strong><a href=\"https:\/\/www.hafnerbach.gv.at\">Marktgemeinde Hafnerbach<\/a><\/strong> gro\u00dfz\u00fcgig.<\/p>\n<p>Wir freuen uns au\u00dferdem \u00fcber unsere zahlreichen <strong>Unterst\u00fctzer &amp; Sponsoren<\/strong> aus der Region:<\/p>\n<table style=\"border-collapse: collapse; width: 100%;\" border=\"0\">\n<tbody>\n<tr>\n<td style=\"vertical-align: middle; width: 33.1884%;\"><strong><a href=\"https:\/\/www.spar.at\/standorte\/spar-prinzersdorf-3385-linzer-strasse-16\">SPAR Claus Poslovski e.U.<\/a><\/strong><\/td>\n<td style=\"vertical-align: middle; width: 44.4928%;\">Linzer Stra\u00dfe 16<br \/>3386 Prinzersdorf<\/td>\n<td style=\"width: 22.029%;\">\u00a0<\/td>\n<\/tr>\n<tr>\n<td style=\"vertical-align: middle; width: 33.1884%;\"><strong><a href=\"http:\/\/www.brosenbauer-gruenbichler.at\/\" target=\"_blank\" rel=\"noopener noreferrer\">Brosenbauer Gr\u00fcnbichler GmbH<\/a><\/strong><br \/><a href=\"https:\/\/brosenbauer-gruenbichler.at\">brosenbauer-gruenbichler.at<\/a><\/td>\n<td style=\"vertical-align: middle; width: 44.4928%;\">Wiener Str. 27<br \/>3385 Prinzersdorf<\/td>\n<td style=\"width: 22.029%;\"><a href=\"http:\/\/www.brosenbauer-gruenbichler.at\/\" target=\"_blank\" rel=\"noopener noreferrer\"><img loading=\"lazy\" decoding=\"async\" class=\"wp-image-207 alignnone\" src=\"https:\/\/www.energiegruppe-hafnerbach.at\/move\/wp-content\/uploads\/sites\/2\/2018\/12\/Logo_Gruenbichler-300x138.png\" alt=\"\" width=\"326\" height=\"150\" srcset=\"https:\/\/www.energiegruppe-hafnerbach.at\/move\/wp-content\/uploads\/sites\/2\/2018\/12\/Logo_Gruenbichler-300x138.png 300w, https:\/\/www.energiegruppe-hafnerbach.at\/move\/wp-content\/uploads\/sites\/2\/2018\/12\/Logo_Gruenbichler-768x353.png 768w, https:\/\/www.energiegruppe-hafnerbach.at\/move\/wp-content\/uploads\/sites\/2\/2018\/12\/Logo_Gruenbichler.png 870w\" sizes=\"auto, (max-width: 326px) 100vw, 326px\" \/><\/a><\/td>\n<\/tr>\n<tr>\n<td style=\"vertical-align: middle; width: 33.1884%;\"><strong><a href=\"http:\/\/vonunsdahoam.at\/\">Von uns dahoam<\/a><\/strong><br \/><a href=\"http:\/\/vonunsdahoam.at\/\">vonunsdahoam.at<\/a><\/td>\n<td style=\"vertical-align: middle; width: 44.4928%;\">Museumstra\u00dfe 43 (Volksschule)<br \/>3386 Hafnerbach<\/td>\n<td style=\"width: 22.029%;\">\u00a0<\/td>\n<\/tr>\n<tr>\n<td style=\"vertical-align: middle; width: 33.1884%;\"><strong>Energiegruppe Hafnerbach<\/strong><br \/><a href=\"https:\/\/energiegruppe-hafnerbach.at\">energiegruppe-hafnerbach.at<\/a><\/td>\n<td style=\"vertical-align: middle; width: 44.4928%;\">\u00a0<\/td>\n<td style=\"width: 22.029%;\">\u00a0<\/td>\n<\/tr>\n<tr>\n<td style=\"vertical-align: middle; width: 33.1884%;\"><strong><a href=\"http:\/\/www.konditorei-kernstock.at\/\" target=\"_blank\" rel=\"noopener noreferrer\">Konditorei Kernstock<\/a><\/strong><\/td>\n<td style=\"vertical-align: middle; width: 44.4928%;\">Am Waldrand 12,<br \/>3386 Hafnerbach<\/td>\n<td style=\"width: 22.029%;\"><a href=\"http:\/\/www.konditorei-kernstock.at\/\" target=\"_blank\" rel=\"noopener noreferrer\"><img loading=\"lazy\" decoding=\"async\" class=\"wp-image-210 alignnone\" src=\"https:\/\/www.energiegruppe-hafnerbach.at\/move\/wp-content\/uploads\/sites\/2\/2018\/12\/Logo_Kernstock-300x120.png\" alt=\"\" width=\"374\" height=\"150\" srcset=\"https:\/\/www.energiegruppe-hafnerbach.at\/move\/wp-content\/uploads\/sites\/2\/2018\/12\/Logo_Kernstock-300x120.png 300w, https:\/\/www.energiegruppe-hafnerbach.at\/move\/wp-content\/uploads\/sites\/2\/2018\/12\/Logo_Kernstock-768x308.png 768w, https:\/\/www.energiegruppe-hafnerbach.at\/move\/wp-content\/uploads\/sites\/2\/2018\/12\/Logo_Kernstock.png 1000w\" sizes=\"auto, (max-width: 374px) 100vw, 374px\" \/><\/a><\/td>\n<\/tr>\n<tr>\n<td style=\"vertical-align: middle; width: 33.1884%;\"><strong><a href=\"http:\/\/www.werbedruck-rotter.at\/\" target=\"_blank\" rel=\"noopener noreferrer\">Werbedruck Rotter<\/a><\/strong><br \/><a href=\"https:\/\/werbedruck-rotter.at\">werbedruck-rotter.at<\/a><\/td>\n<td style=\"vertical-align: middle; width: 44.4928%;\">Flinsbach-Dorf 12<br \/>3110 Flinsbach<\/td>\n<td style=\"width: 22.029%;\"><a href=\"http:\/\/www.werbedruck-rotter.at\/\" target=\"_blank\" rel=\"noopener noreferrer\"><img loading=\"lazy\" decoding=\"async\" class=\"wp-image-212 alignnone\" src=\"https:\/\/www.energiegruppe-hafnerbach.at\/move\/wp-content\/uploads\/sites\/2\/2018\/12\/Logo_Rotter-300x69.png\" alt=\"\" width=\"350\" height=\"80\" srcset=\"https:\/\/www.energiegruppe-hafnerbach.at\/move\/wp-content\/uploads\/sites\/2\/2018\/12\/Logo_Rotter-300x69.png 300w, https:\/\/www.energiegruppe-hafnerbach.at\/move\/wp-content\/uploads\/sites\/2\/2018\/12\/Logo_Rotter.png 756w\" sizes=\"auto, (max-width: 350px) 100vw, 350px\" \/><\/a><\/td>\n<\/tr>\n<tr>\n<td style=\"vertical-align: middle; width: 33.1884%;\"><strong>KFZ KIRCHNER GmbH<\/strong><\/td>\n<td style=\"vertical-align: middle; width: 44.4928%;\">Linzerstra\u00dfe 41<br \/>3385 Prinzersdorf<\/td>\n<td style=\"width: 22.029%;\">\u00a0<\/td>\n<\/tr>\n<tr>\n<td style=\"vertical-align: middle; width: 33.1884%;\"><strong>24 Stunden Pflege St\u00f6ber<\/strong><\/td>\n<td style=\"vertical-align: middle; width: 44.4928%;\"><a href=\"http:\/\/www.24stundenpflegejst.at\">www.24stundenpflegejst.at<\/a><\/td>\n<td style=\"width: 22.029%;\"><img decoding=\"async\" src=\"https:\/\/www.energiegruppe-hafnerbach.at\/move\/wp-content\/uploads\/sites\/2\/2022\/08\/24stundenpflegejst-e1659971847578.png\" \/><\/td>\n<\/tr>\n<tr>\n<td style=\"vertical-align: middle; width: 33.1884%;\"><strong>care4you Pflegepraxis<\/strong><\/td>\n<td style=\"vertical-align: middle; width: 44.4928%;\"><a href=\"https:\/\/www.pflegepraxis-care4you.at\">www.pflegepraxis-care4you.at<\/a><\/td>\n<td style=\"width: 22.029%;\"><img loading=\"lazy\" decoding=\"async\" class=\"aligncenter size-medium wp-image-425\" src=\"https:\/\/www.energiegruppe-hafnerbach.at\/move\/wp-content\/uploads\/sites\/2\/2026\/03\/logo_care4you_rgb_digital-1536x355-1-300x69.png\" alt=\"\" width=\"300\" height=\"69\" srcset=\"https:\/\/www.energiegruppe-hafnerbach.at\/move\/wp-content\/uploads\/sites\/2\/2026\/03\/logo_care4you_rgb_digital-1536x355-1-300x69.png 300w, https:\/\/www.energiegruppe-hafnerbach.at\/move\/wp-content\/uploads\/sites\/2\/2026\/03\/logo_care4you_rgb_digital-1536x355-1-1024x237.png 1024w, https:\/\/www.energiegruppe-hafnerbach.at\/move\/wp-content\/uploads\/sites\/2\/2026\/03\/logo_care4you_rgb_digital-1536x355-1-768x178.png 768w, https:\/\/www.energiegruppe-hafnerbach.at\/move\/wp-content\/uploads\/sites\/2\/2026\/03\/logo_care4you_rgb_digital-1536x355-1.png 1536w\" sizes=\"auto, (max-width: 300px) 100vw, 300px\" \/><\/td>\n<\/tr>\n<tr>\n<td style=\"vertical-align: middle; width: 33.1884%;\"><strong>\u00a0Ruhewald Hohenegg<\/strong><\/td>\n<td style=\"vertical-align: middle; width: 44.4928%;\"><a href=\"https:\/\/www.ruhewaldhohenegg.at\">www.ruhewaldhohenegg.at<\/a><\/td>\n<td style=\"width: 22.029%;\"><img loading=\"lazy\" decoding=\"async\" class=\"aligncenter size-full wp-image-428\" src=\"https:\/\/www.energiegruppe-hafnerbach.at\/move\/wp-content\/uploads\/sites\/2\/2026\/03\/ruhewald-hohenegg-logo.png\" alt=\"\" width=\"250\" height=\"275\" \/><\/td>\n<\/tr>\n<tr>\n<td style=\"vertical-align: middle; width: 33.1884%;\"><strong>Willim Staplertechnik<\/strong><\/td>\n<td style=\"vertical-align: middle; width: 44.4928%;\"><a href=\"https:\/\/www.wst-stapler.at\">www.wst-stapler.at<\/a><\/td>\n<td style=\"width: 22.029%;\"><img loading=\"lazy\" decoding=\"async\" class=\"aligncenter size-medium wp-image-432\" src=\"https:\/\/www.energiegruppe-hafnerbach.at\/move\/wp-content\/uploads\/sites\/2\/2026\/03\/WST-logo-300x126.png\" alt=\"\" width=\"300\" height=\"126\" srcset=\"https:\/\/www.energiegruppe-hafnerbach.at\/move\/wp-content\/uploads\/sites\/2\/2026\/03\/WST-logo-300x126.png 300w, https:\/\/www.energiegruppe-hafnerbach.at\/move\/wp-content\/uploads\/sites\/2\/2026\/03\/WST-logo.png 516w\" sizes=\"auto, (max-width: 300px) 100vw, 300px\" \/><\/td>\n<\/tr>\n<\/tbody>\n<\/table>\n<p>\u200b<strong style=\"font-size: revert;\">\u00a0<\/strong><\/p>\n\n","protected":false},"excerpt":{"rendered":"<p>HUBSI finanziert sich aus den Mitgliedsbeitr\u00e4gen der NutzerInnen. Ebenso unterst\u00fctzt uns die Marktgemeinde Hafnerbach gro\u00dfz\u00fcgig. Wir freuen uns au\u00dferdem \u00fcber unsere zahlreichen Unterst\u00fctzer &amp; Sponsoren aus der Region: SPAR Claus Poslovski e.U. Linzer Stra\u00dfe 163386 Prinzersdorf \u00a0 Brosenbauer Gr\u00fcnbichler GmbHbrosenbauer-gruenbichler.at Wiener Str. 273385 Prinzersdorf Von uns dahoamvonunsdahoam.at Museumstra\u00dfe 43 (Volksschule)3386 Hafnerbach \u00a0 Energiegruppe Hafnerbachenergiegruppe-hafnerbach.at \u00a0 &hellip; <a href=\"https:\/\/www.energiegruppe-hafnerbach.at\/move\/partner\/\" class=\"more-link\"><span class=\"screen-reader-text\">Unterst\u00fctzer &#038; Sponsoren<\/span> weiterlesen<\/a><\/p>\n","protected":false},"author":2,"featured_media":0,"parent":0,"menu_order":0,"comment_status":"closed","ping_status":"closed","template":"","meta":{"footnotes":""},"class_list":["post-49","page","type-page","status-publish","hentry"],"_links":{"self":[{"href":"https:\/\/www.energiegruppe-hafnerbach.at\/move\/wp-json\/wp\/v2\/pages\/49","targetHints":{"allow":["GET"]}}],"collection":[{"href":"https:\/\/www.energiegruppe-hafnerbach.at\/move\/wp-json\/wp\/v2\/pages"}],"about":[{"href":"https:\/\/www.energiegruppe-hafnerbach.at\/move\/wp-json\/wp\/v2\/types\/page"}],"author":[{"embeddable":true,"href":"https:\/\/www.energiegruppe-hafnerbach.at\/move\/wp-json\/wp\/v2\/users\/2"}],"replies":[{"embeddable":true,"href":"https:\/\/www.energiegruppe-hafnerbach.at\/move\/wp-json\/wp\/v2\/comments?post=49"}],"version-history":[{"count":20,"href":"https:\/\/www.energiegruppe-hafnerbach.at\/move\/wp-json\/wp\/v2\/pages\/49\/revisions"}],"predecessor-version":[{"id":433,"href":"https:\/\/www.energiegruppe-hafnerbach.at\/move\/wp-json\/wp\/v2\/pages\/49\/revisions\/433"}],"wp:attachment":[{"href":"https:\/\/www.energiegruppe-hafnerbach.at\/move\/wp-json\/wp\/v2\/media?parent=49"}],"curies":[{"name":"wp","href":"https:\/\/api.w.org\/{rel}","templated":true}]}}