{"id":116,"date":"2017-08-13T14:17:08","date_gmt":"2017-08-13T12:17:08","guid":{"rendered":"http:\/\/www.energiegruppe-hafnerbach.at\/move\/?page_id=116"},"modified":"2024-05-03T20:06:53","modified_gmt":"2024-05-03T18:06:53","slug":"move-wir-bewegen-hafnerbach","status":"publish","type":"page","link":"https:\/\/www.energiegruppe-hafnerbach.at\/move\/","title":{"rendered":"MOVE &#8211; Wir bewegen Hafnerbach"},"content":{"rendered":"<p>Der Mobilit\u00e4tsverein f\u00f6rdert ressourcenschonende Mobilit\u00e4t und st\u00e4rkt die sozialen Kontakte zwischen Hafnerbachs BewohnerInnen.<\/p>\n<p style=\"text-align: left;\">Und deshalb gibt&#8217;s\u00a0<a href=\"https:\/\/www.energiegruppe-hafnerbach.at\/move\/wie-funktionierts\/\">HUBSI<\/a> jetzt <strong>f\u00fcr alle Mitglieder<\/strong> des Mobilit\u00e4tsvereins.<\/p>\n<figure id=\"attachment_173\" aria-describedby=\"caption-attachment-173\" style=\"width: 250px\" class=\"wp-caption aligncenter\"><a href=\"https:\/\/www.energiegruppe-hafnerbach.at\/move\/wie-funktionierts\"><img loading=\"lazy\" decoding=\"async\" class=\"wp-image-173 size-full\" src=\"https:\/\/www.energiegruppe-hafnerbach.at\/move\/wp-content\/uploads\/sites\/2\/2018\/01\/Logo_Hubsi_250.jpg\" alt=\"\" width=\"250\" height=\"100\" \/><\/a><figcaption id=\"caption-attachment-173\" class=\"wp-caption-text\">Hol- und Bringservice HUBSI<\/figcaption><\/figure>\n","protected":false},"excerpt":{"rendered":"<p>Der Mobilit\u00e4tsverein f\u00f6rdert ressourcenschonende Mobilit\u00e4t und st\u00e4rkt die sozialen Kontakte zwischen Hafnerbachs BewohnerInnen. Und deshalb gibt&#8217;s\u00a0HUBSI jetzt f\u00fcr alle Mitglieder des Mobilit\u00e4tsvereins.<\/p>\n","protected":false},"author":2,"featured_media":0,"parent":0,"menu_order":0,"comment_status":"closed","ping_status":"closed","template":"","meta":{"footnotes":""},"class_list":["post-116","page","type-page","status-publish","hentry"],"_links":{"self":[{"href":"https:\/\/www.energiegruppe-hafnerbach.at\/move\/wp-json\/wp\/v2\/pages\/116","targetHints":{"allow":["GET"]}}],"collection":[{"href":"https:\/\/www.energiegruppe-hafnerbach.at\/move\/wp-json\/wp\/v2\/pages"}],"about":[{"href":"https:\/\/www.energiegruppe-hafnerbach.at\/move\/wp-json\/wp\/v2\/types\/page"}],"author":[{"embeddable":true,"href":"https:\/\/www.energiegruppe-hafnerbach.at\/move\/wp-json\/wp\/v2\/users\/2"}],"replies":[{"embeddable":true,"href":"https:\/\/www.energiegruppe-hafnerbach.at\/move\/wp-json\/wp\/v2\/comments?post=116"}],"version-history":[{"count":15,"href":"https:\/\/www.energiegruppe-hafnerbach.at\/move\/wp-json\/wp\/v2\/pages\/116\/revisions"}],"predecessor-version":[{"id":386,"href":"https:\/\/www.energiegruppe-hafnerbach.at\/move\/wp-json\/wp\/v2\/pages\/116\/revisions\/386"}],"wp:attachment":[{"href":"https:\/\/www.energiegruppe-hafnerbach.at\/move\/wp-json\/wp\/v2\/media?parent=116"}],"curies":[{"name":"wp","href":"https:\/\/api.w.org\/{rel}","templated":true}]}}